. What is the remainder when n is divided by y?
11
Let s(t) = -t**2 + 29*t + 134. What is the remainder when s(31) is divided by 25?
22
Let u = 116 + -84. Calculate the remainder when 101 is divided by u.
5
Let f(h) = 124*h - 115. Calculate the remainder when f(2) is divided by 2.
1
Let g = 358 - 335. Calculate the remainder when 87 is divided by g.
18
Let k = 7 + -30. Let a(q) = -q + 2. Let h be a(2). Let b = h - k. What is the remainder when b is divided by 6?
5
Let q be (-2384)/(-52) + (-2)/(-13). Suppose k + 11 = q. What is the remainder when k is divided by 9?
8
Let i(u) = 2*u**3 + 42*u**2 + 4*u + 116. What is the remainder when 474 is divided by i(-21)?
26
Suppose -13 = -3*k + 29. Calculate the remainder when k is divided by (-28)/1568*16*(-14)/1.
2
Suppose 4*k + 2*q - 31 = -15, 5*k - 27 = q. Calculate the remainder when 72 is divided by k.
2
Suppose 2*z = -2*z - 20, 526 = 4*v - 2*z. Calculate the remainder when v is divided by 19.
15
Suppose -j - 3*d = -18 - 23, -4*j = -d - 99. Suppose -5*g - 315 = k - 823, 0 = 5*g - 3*k - 496. What is the remainder when g is divided by j?
23
Let i(w) be the first derivative of 85*w**3/3 - w - 27. Calculate the remainder when i(1) is divided by 15.
9
Suppose 2*v + g = 3 + 8, 35 = 5*v - 5*g. Suppose 0 = 2*m - v - 28. Calculate the remainder when 66 is divided by m.
15
Suppose 0 = s, -3*a = -2*a - 3*s - 123. Let j = -2384 + 2405. What is the remainder when a is divided by j?
18
Suppose -20*d + 11037 = 19*d. Calculate the remainder when d is divided by 9.
4
Let u(p) = 57*p + 237. Calculate the remainder when u(-3) is divided by 7.
3
Suppose 3*h = 4*b + 252, 2*h - b - 168 = 4*b. What is the remainder when h is divided by 32?
20
Suppose 4*o - 1 = j, o - 2 = j - 7. Let h be 2/4*0/2. Suppose h = b - j - 1. Calculate the remainder when 31 is divided by b.
7
Suppose -8*h - 588 = -972. Calculate the remainder when h is divided by 6/24 - (-55)/4.
6
Suppose h - 2*k = 0, -2*h = -3*h - 5*k + 28. Calculate the remainder when 28 is divided by (30/h)/(30/80).
8
Let x(u) = u**2 + 5*u - 5. Let f be ((-4)/6)/((-22)/165). Suppose 2*k = -5*h - 14, f*h - 9 + 32 = k. What is the remainder when k is divided by x(-6)?
0
Suppose -2*c + 45 = 7*h - 2*h, h - 4*c = -13. Let d(k) = -2*k**2 + 15*k - 10. Let v be d(h). What is the remainder when 69 is divided by -35*((-1 - -3) + v)?
34
Let y(j) = 4*j + 32. Let m be y(-7). Suppose 4*c - k - 627 = 25, -3*c = m*k - 508. What is the remainder when c is divided by 57?
50
Suppose -14*g = -5*g - 135. Calculate the remainder when g is divided by 3.
0
Suppose 5*m = -15, 80 = -y + 5*m - 0*m. Let s = y + 140. What is the remainder when 25 is divided by s/5 + -1 + 1?
7
Suppose 0 = 4*o - 7 - 5. Suppose o*i - u - 120 = u, 4*u = -4*i + 160. Calculate the remainder when i is divided by 14.
12
Let u = 234 - -309. What is the remainder when u is divided by 6?
3
Suppose 2*q + 5*y = 122, -3*y - 127 = -3*q + 56. What is the remainder when q is divided by 32?
29
Suppose 16*n - 2250 = 4214. Calculate the remainder when n is divided by 15.
14
What is the remainder when 172 is divided by (-5 - (-325)/(-35))/((-4)/14)?
22
Suppose 4*f = -1 + 9. Suppose -f*h - 16 = 2*h. Let n = 11 + h. Calculate the remainder when n is divided by 3.
1
Calculate the remainder when (234/12)/(-3)*-76 is divided by 45.
44
Let g = 1 + -3. Let m = 61 - 46. Calculate the remainder when m is divided by 10 + 2 + (g - 2).
7
Let u(h) = -h**3 - 2*h**2 - 4*h - 3. Let v be u(-2). Suppose -v*z - 81 = 3*m, -2*m + m = -4*z - 58. Calculate the remainder when 6/z + 785/25 is divided by 8.
7
Let q(z) = 121*z + 60. Calculate the remainder when q(4) is divided by 13.
11
Let z(u) be the third derivative of 0*u - 11/6*u**3 + 0 + 5*u**2 + 1/4*u**4. What is the remainder when 56 is divided by z(5)?
18
Let i = 177 + -170. Calculate the remainder when 48 is divided by i.
6
Suppose 13*v - 3*v - 1030 = 0. What is the remainder when v is divided by 15?
13
Suppose -b + 194 = b. What is the remainder when b is divided by (39 + -3 - 11)/1?
22
Let c(w) be the second derivative of 5*w**3/6 + 6*w**2 + w. Let s be c(-5). Let z = -2 - s. What is the remainder when 31 is divided by z?
9
Let q be (-1)/((-8)/262) + (-6)/(-24). Suppose -82 = -5*g + q. What is the remainder when g is divided by 4?
3
Suppose 0 = 4*a + 13 - 17. Suppose -2*j = 3*v - 97, -v - a = -2. What is the remainder when j is divided by 13?
8
Calculate the remainder when 196 is divided by (-18876)/(-308) - (-4)/(-14).
13
Let z = 18 + -10. Suppose -b + 84 = 6*b. What is the remainder when b is divided by z?
4
Let d(f) = f**2 - 2*f - 17. Let k be d(5). Calculate the remainder when (7/4 + k)*4*-11 is divided by 3.
2
Let v(z) = -5*z**2 - 10*z. Let o be v(-4). Let w = o - -44. Calculate the remainder when 7 is divided by w.
3
Let m = -128 - -134. Calculate the remainder when m is divided by 6.
0
Let b(m) be the second derivative of m**5/20 + 5*m**4/12 - m**3/2 - m**2/2 + 2*m. What is the remainder when 55 is divided by b(-5)?
13
Suppose 0 = -4*i + 8*i - 20. Suppose 0*b - 4*b - i*v + 21 = 0, 5*v = 5. What is the remainder when b is divided by 3?
1
Suppose 2*s = -1 + 7. Suppose 4*f = 5*f - s*m - 14, -2*f + 19 = -3*m. What is the remainder when 10/35 + 3190/203 is divided by f?
1
Suppose 6 = 4*b - 2. Suppose -3*s - 17 = 3*m + 2*s, -2*m - s = b. Let r = -2 + 4. What is the remainder when r is divided by m?
0
Let b be 0/4*(-1)/2. Suppose -v + b = 2*m + 8, -5*v + 4 = -m. Suppose 5*p = -v*p + 70. Calculate the remainder when 53 is divided by p.
11
Let a = 403 + -690. Let d = -149 - a. What is the remainder when d is divided by 35?
33
Suppose -2*s = -5*u - 82 - 117, 296 = 3*s - 5*u. Calculate the remainder when s is divided by 38.
21
Let t be (-20)/80 + (-5562)/(-8). Suppose -o + 2*d + 120 = -28, 0 = 5*o + 5*d - t. What is the remainder when o is divided by 36?
34
Let q(o) = o**2 - 11*o - 50. Calculate the remainder when ((-4)/(-6))/((-2)/(-48)) is divided by q(15).
6
Let k(m) = -2*m**2 + 4*m + 79. Let v(n) = -2*n**2 + 3*n + 78. Let p(o) = -5*k(o) + 6*v(o). Calculate the remainder when p(0) is divided by 25.
23
Let w be (-98)/(-42) - (-4)/6. Suppose w*o - 40 = -2*o. Calculate the remainder when 11 is divided by o.
3
Let n(j) = -18*j - 136. What is the remainder when 32 is divided by n(-8)?
0
Let r(g) = -g**2 + 8*g + 8. Let w be r(8). Suppose -l = 3*l - w. Suppose 14 = n + 5*k, n - 3*k - l*k = 24. What is the remainder when 75 is divided by n?
18
Suppose 0 = 16*k - 21*k + 15. Calculate the remainder when (-2241)/(-81) - (2/k - 1) is divided by 10.
8
Let z = -7880 - -7968. Let d(n) = n**2 + 3*n. What is the remainder when z is divided by d(-6)?
16
Suppose n - 4*n = -255. Let y(a) = a**2 - 4*a + 1. Let z be y(3). Calculate the remainder when n is divided by -1 - (-24 + (z - -3)).
19
Let k = -188 + 214. What is the remainder when 85 is divided by k?
7
Let b = -7 - -7. Suppose b = -4*m + 43 - 11. Suppose -3*h + 23 + 40 = 0. What is the remainder when h is divided by m?
5
Let m(k) = 78*k**2 + k + 9. Let p be m(-3). Let z = 17 + -2. Calculate the remainder when (1/3)/(4/p) is divided by z.
14
Let v(j) = -3*j - 52*j**3 - 2*j**2 + 53*j**3 - 9*j + 8 + 6. Calculate the remainder when 56 is divided by v(5).
27
Let r = 245 - 208. Let j = 8 - 5. Suppose -4*x = -3*n - 0*n + 38, -5*n + 44 = j*x. Calculate the remainder when r is divided by n.
7
What is the remainder when 54 - 1/2*0 is divided by (228/72)/(5/30)?
16
Calculate the remainder when 165 is divided by ((-24)/42)/((-574)/(-147) - 4).
3
Suppose 4*q - 5*u + 60 = 167, 2*u = -2*q + 40. Suppose 5*h = 2*y - 24 + 65, 0 = 5*h - 15. Let l = 55 - y. Calculate the remainder when l is divided by q.
22
Suppose -378 = 4*u - 46*u. Calculate the remainder when 143 is divided by u.
8
Let y(w) = w**3 - 8*w**2 + 9*w - 5. Let q be y(7). Let n(s) = -s**3 + 9*s**2 + 7. Calculate the remainder when 20 is divided by n(q).
6
Suppose -3*g - 18 = -s, 0 = 2*s - 2*g - 27 - 1. What is the remainder when s is divided by 6?
0
Suppose 4*k - 24 = 32. Let o = k - 10. Suppose -5*p + 5*c - 10 = 0, -o*p + 11 = 3*c - 9. What is the remainder when 2 is divided by p?
0
Suppose -h - 56 = 4*n, h = 3*n + n - 72. Let x = h + 124. Suppose -x = -15*u + 10*u. Calculate the remainder when 58 is divided by u.
10
Suppos